erivative of -25*r**2/2 - r + 1. Let p be n(-1). What is the highest common divisor of p and b?
8
Suppose 2*i - 3*t - 7 = 0, 4*i + 19*t = 20*t + 9. What is the highest common divisor of 3 and i?
1
Suppose 3*w - 5*w = -14. Suppose -9 = -4*x + 75. Suppose -7*m = -10*m + x. Calculate the greatest common factor of w and m.
7
Let s(x) be the first derivative of -55*x**4/4 + x**2/2 + 1. Let g = 2 - 3. Let k be s(g). Calculate the greatest common factor of k and 18.
18
Suppose 5*l - q = -178, -3*l + 69 - 183 = -3*q. Let u be ((-44)/(-10))/((-7)/l). What is the greatest common factor of u and 11?
11
Let j be (-32 + 1 + -3)*-1. Calculate the greatest common divisor of 85 and j.
17
Let b(p) = -p**2 + 7*p - 1. Let n be b(4). Calculate the greatest common factor of 253 and n.
11
Let w be (4/6)/((-2)/(-18)). Let q(r) = 2*r**2 - r. Let f be q(2). Calculate the greatest common factor of w and f.
6
Let r be ((-18)/(-4))/((-1)/(-30)). Let y = 205 - r. Let a = 36 - 26. What is the highest common factor of a and y?
10
Suppose 14 = -l - 5. Let p be l/(1 - 1 - 1). What is the greatest common divisor of 19 and p?
19
Suppose -24 = -7*d + 3*d. Let o be 15438/18 - (-2)/d. Let j be ((-2)/4)/((-3)/o). What is the highest common divisor of 13 and j?
13
Let u(c) = c**3 + 10*c**2 + 9*c + 6. Let g be u(-9). Let h = 69 - 39. Calculate the highest common divisor of g and h.
6
Let n(g) = -g**3 - 8*g**2 + 4*g - 5. Let t be n(-9). Calculate the highest common divisor of 60 and t.
20
Let v(n) be the second derivative of -7/6*n**3 + 5/2*n**2 + 0 - 2*n - 1/6*n**4 + 1/20*n**5. Let c be v(5). Calculate the highest common divisor of c and 9.
9
Let o(t) = t + 3. Let z be o(9). Calculate the greatest common factor of 30 and z.
6
Suppose -5*u - 3*z = -532, 0 = 2*u - 4*z + 2*z - 200. What is the highest common divisor of u and 16?
8
Let h(y) be the third derivative of -y**3 + 0*y + 0 + 1/4*y**4 - 7/60*y**5 + 2*y**2 - 1/120*y**6. Let n be h(-8). What is the highest common factor of 15 and n?
5
Let h(q) = -4*q - 4. Let s be h(-4). Let x be 2/(0 - (-2)/(-3)). Let k = x + s. Calculate the highest common divisor of 36 and k.
9
Let y be (3/6)/((-3)/(-222)). Let w = y - 15. What is the highest common divisor of 33 and w?
11
Let i(z) = z**2 - 1. Let p be i(3). Suppose -3*n - 200 = -p*n. Calculate the greatest common factor of n and 10.
10
Let f(m) = -m**3. Let u(l) = 5*l**3 - 9*l**2 + 6*l - 4. Let b(w) = -4*f(w) - u(w). Let q be b(8). What is the greatest common factor of 220 and q?
20
Suppose -27 + 12 = -3*w. Calculate the highest common divisor of 1 and w.
1
Let f = -16 - -28. Let h = f + -7. Suppose 0*d = -3*i + 2*d + 189, 3*d = h*i - 316. What is the highest common divisor of 13 and i?
13
Suppose 36 = 2*o - o. Suppose -4*p + o = g, -4*p = -12 - 4. Calculate the greatest common factor of 10 and g.
10
Let l = 231 + -107. Let t = l + -74. Let w(s) = s + 1. Let k be w(4). Calculate the highest common factor of t and k.
5
Suppose -3*j + 2 = -13. What is the greatest common divisor of j and 5?
5
Let d(s) = 31*s + 1. Let f be d(2). Suppose -f = -5*r + 2*r. Let y be 6/2 + (13 - 2). What is the greatest common factor of y and r?
7
Let f(x) = x**3 + 5*x**2 + 5*x + 2. Let i be f(-4). Let q be (24/(-30))/(i/20). Calculate the highest common divisor of q and 88.
8
Let q be 368/(-36) + (-2)/(-9). Let j = q + 46. Calculate the greatest common divisor of j and 12.
12
Let c(d) be the first derivative of -d**2/2 + 14*d - 1. Let x be c(0). What is the greatest common divisor of 7 and x?
7
Let b be -2 + 8 + -2 + -16. Let u be 3*3*(-8)/b. Calculate the highest common divisor of 2 and u.
2
Let h(l) be the third derivative of -l**4/24 + 7*l**3/3 + 3*l**2. Let a be h(0). What is the highest common divisor of a and 126?
14
Let j(q) = -q**2 - 18*q + 8. Suppose 2*o + b = -21, -o - 6*b = -b + 33. Let y be j(o). Let a = 0 - -8. What is the greatest common divisor of a and y?
8
Suppose 0 = -4*x - 5*f + 2*f - 19, 5*f + 6 = -3*x. Let a = 10 + x. Calculate the highest common divisor of 3 and a.
3
Let z = -29 + 33. What is the highest common factor of 16 and z?
4
Let f(p) = -23*p + 1. Let v be f(-1). Calculate the highest common factor of v and 216.
24
Let a(w) = w**2 + 6*w - 13. Let s be a(-10). Let t(z) = 0*z + 5*z - 7 + 0. Let o be t(5). Calculate the highest common divisor of s and o.
9
Suppose -358 = -2*i - f, -9*i - 4*f = -7*i - 352. What is the highest common factor of i and 36?
36
Let x(r) = -r**3 - 10*r**2 + 8*r - 7. Let n be x(-11). Let w be 2/(-14) - (-644)/49. Calculate the greatest common factor of w and n.
13
Let j(x) = 2*x**2 + 4*x - 5. Let u be j(-6). Suppose -u - 501 = -4*p. Calculate the highest common divisor of p and 17.
17
Let o be ((-168)/(-9))/((-2)/(-3)). Calculate the highest common factor of 7 and o.
7
Suppose -k - 5*w + 9 = -1, -2*k + 5 = -5*w. Let i be 5*1/k*1. Let r be 9/(22/(-28) + i). What is the greatest common factor of 28 and r?
14
Let f = 101 - 71. Suppose 0*q = 4*q + v - 60, 0 = 2*q + 2*v - f. Calculate the highest common factor of 60 and q.
15
Let h be 6/15 - 26/(-10). Let g = 3 - h. Suppose 2*j = g, -3*r + 216 = r - 5*j. What is the greatest common divisor of 6 and r?
6
Suppose 0 = -4*p - 4*i + 5*i + 8, -i = -5*p + 10. Suppose p*f = -f - 9. Let o be 410/8 - f/(-12). Calculate the highest common divisor of o and 17.
17
Suppose 2*h = 11 - 5. Suppose 0 = -4*y - u + 6, y + u - h + 0 = 0. What is the greatest common factor of 2 and y?
1
Suppose -42 = -4*i + 38. What is the highest common factor of i and 220?
20
Let u be (-8)/20 - 4/(-10). Suppose -2*d - 3*d + 595 = u. Calculate the highest common factor of d and 17.
17
Suppose -7*d = -3*d - 28. Let f(j) = -j**2 + 8*j - 7. Let a be f(d). Suppose a = 2*t + t - 72. What is the highest common divisor of t and 12?
12
Suppose 2*x - 4 = 4. Let q be 2 + (0 - (-3 - x)). What is the highest common divisor of q and 6?
3
Let p(g) be the second derivative of -g**4/12 - 4*g**3/3 + 2*g**2 - 2*g. Let j be p(-8). Suppose 48 = j*r - r. Calculate the highest common divisor of r and 2.
2
Suppose -3*h + h = -4*v - 40, 3*v = h - 21. Calculate the greatest common factor of h and 6.
6
Let w be (4*21/2)/(63/84). Let c(f) = -f**2 - f + 8. Let o be c(0). What is the highest common factor of o and w?
8
Let a = 27 - -9. Suppose a + 8 = 4*y. Suppose 11 = 33*j - 32*j. Calculate the highest common divisor of y and j.
11
Suppose -11 = 3*o - 5*j - 69, -32 = -2*o + 5*j. Let q = -12 + o. What is the greatest common factor of 7 and q?
7
Let s = 46 - 28. Calculate the greatest common factor of 27 and s.
9
Let t = 1 - 2. Let u be ((-228)/(-9))/(t/(-6)). Suppose -5*p + 38 + 57 = 0. What is the greatest common divisor of p and u?
19
Let k = 31 + -29. What is the highest common divisor of k and 3?
1
Suppose -2*t + 9 = -5*t. Let y be 6/t + (94 - -3). Suppose -v - 76 = -5*v. What is the greatest common factor of v and y?
19
Suppose 4*c - p = 141, p - 8 = -2*c + 67. Let j(f) = 5*f. Let m be j(1). Let h = m - 1. Calculate the highest common divisor of c and h.
4
Let h = 18 + 0. Calculate the greatest common divisor of h and 2.
2
Let c = 247 - 170. Calculate the greatest common factor of 11 and c.
11
Suppose 0 = 3*u - 550 - 479. Calculate the highest common factor of u and 49.
49
Let f = -39 + 116. What is the greatest common factor of 11 and f?
11
Let y(p) = 31*p + 7. Let q be y(3). Suppose -q = -5*j - 0*j. Calculate the greatest common factor of 4 and j.
4
Let k = 490 + -237. What is the greatest common factor of 23 and k?
23
Let i be (7 - 9) + 44/1. Suppose -b - 18 = -i. What is the highest common factor of b and 60?
12
Suppose -22 = -3*f + 35. Suppose -l - 3*p + 158 = 0, 2*l + 3*p - 186 = 124. Calculate the greatest common divisor of l and f.
19
Let h be (1/3)/(1/6). Suppose -5*v = 35 + 15. Let b be v/4*6/(-5). Calculate the highest common divisor of b and h.
1
Let t(l) = 3*l**2 - l - 1. Let k be t(3). Suppose -4*u + 67 = 5*q, 0 = -q - 3*q - 20. Calculate the highest common factor of k and u.
23
Let j be 1/1*(-8)/(-4). Suppose 0*x - 2*k + 4 = 3*x, 0 = -x - j*k. Suppose m = x*m - 12. Calculate the highest common factor of m and 2.
2
Suppose 47 = 4*b - 1. What is the greatest common divisor of 108 and b?
12
Let a = 39 + -18. Let i = -32 - -53. Calculate the greatest common divisor o